{"id":60,"date":"2020-10-04T09:56:02","date_gmt":"2020-10-04T12:56:02","guid":{"rendered":"https:\/\/inovaba.com.br\/infocraft\/?page_id=60"},"modified":"2021-04-06T08:20:04","modified_gmt":"2021-04-06T11:20:04","slug":"trabalhe-conosco","status":"publish","type":"page","link":"https:\/\/infocraftweb.com.br\/site\/trabalhe-conosco\/","title":{"rendered":"Trabalhe Conosco"},"content":{"rendered":"\r\n<h1 class=\"wp-block-heading\">Venha ser parte do time de <strong>vencedores.<\/strong><\/h1>\r\n\r\n\r\n","protected":false},"excerpt":{"rendered":"<p>Para se candidatar ou saber mais informa\u00e7\u00f5es, favor preencher o formul\u00e1rio abaixo:<\/p>\n","protected":false},"author":1,"featured_media":0,"parent":0,"menu_order":0,"comment_status":"closed","ping_status":"closed","template":"","meta":{"_acf_changed":false,"footnotes":""},"acf":[],"_links":{"self":[{"href":"https:\/\/infocraftweb.com.br\/site\/wp-json\/wp\/v2\/pages\/60"}],"collection":[{"href":"https:\/\/infocraftweb.com.br\/site\/wp-json\/wp\/v2\/pages"}],"about":[{"href":"https:\/\/infocraftweb.com.br\/site\/wp-json\/wp\/v2\/types\/page"}],"author":[{"embeddable":true,"href":"https:\/\/infocraftweb.com.br\/site\/wp-json\/wp\/v2\/users\/1"}],"replies":[{"embeddable":true,"href":"https:\/\/infocraftweb.com.br\/site\/wp-json\/wp\/v2\/comments?post=60"}],"version-history":[{"count":27,"href":"https:\/\/infocraftweb.com.br\/site\/wp-json\/wp\/v2\/pages\/60\/revisions"}],"predecessor-version":[{"id":691,"href":"https:\/\/infocraftweb.com.br\/site\/wp-json\/wp\/v2\/pages\/60\/revisions\/691"}],"wp:attachment":[{"href":"https:\/\/infocraftweb.com.br\/site\/wp-json\/wp\/v2\/media?parent=60"}],"curies":[{"name":"wp","href":"https:\/\/api.w.org\/{rel}","templated":true}]}}