{"id":466,"date":"2020-11-24T18:32:06","date_gmt":"2020-11-24T21:32:06","guid":{"rendered":"https:\/\/inovaba.com.br\/infocraft\/?page_id=466"},"modified":"2023-02-27T16:56:59","modified_gmt":"2023-02-27T19:56:59","slug":"compliance","status":"publish","type":"page","link":"https:\/\/infocraftweb.com.br\/site\/compliance\/","title":{"rendered":"Projeto Compliance e de Adequa\u00e7\u00e3o da Lei Geral de Prote\u00e7\u00e3o de Dados"},"content":{"rendered":"<p><span style=\"font-weight: 400;\">A <\/span><b>INFOCRAFT<\/b> <span style=\"font-weight: 400;\">segue um modelo de gest\u00e3o pautado na busca pela excel\u00eancia na presta\u00e7\u00e3o de seus Servi\u00e7os de Tecnologia da Informa\u00e7\u00e3o e Comunica\u00e7\u00e3o (TIC), n\u00e3o \u00e9 por acaso que em 2012 tornou-se finalistas no certame nacional das <\/span><b>MPE<\/b><span style=\"font-weight: 400;\">, ficando entre as empresas finalistas da Bahia neste concurso de estrutura organizacional empresarial.\u00a0<\/span><\/p>\n<p><span style=\"font-weight: 400;\">O Programa de Compliance trata-se de uma ferramenta de gest\u00e3o, alinhada aos valores que fundamentam a a\u00e7\u00f5es e atividades da <\/span><b>INFOCRAFT<\/b><span style=\"font-weight: 400;\">, notadamente, com: <\/span><b><i>\u00e9tica, respeito, valoriza\u00e7\u00e3o da for\u00e7a de trabalho e transpar\u00eancia<\/i><\/b><i><span style=\"font-weight: 400;\">.<\/span><\/i><span style=\"font-weight: 400;\"> Nessa linha e seguindo a tradi\u00e7\u00e3o de sempre primar pelo fiel cumprimento \u00e0s normas de Seguran\u00e7a da Informa\u00e7\u00e3o e Privacidade de dados, e reafirmando o <\/span><b>compromisso de preservar os dados pessoais dos clientes, parceiros comerciais e colaboradores<\/b><span style=\"font-weight: 400;\">, estamos reestruturando os nossos procedimentos de governan\u00e7a para atender as exig\u00eancias da Lei n\u00ba 12.846\/2013 e LGPD &#8211; Lei Geral de Prote\u00e7\u00e3o a Dados (Lei 13.709\/2018), sendo concretizado diversas iniciativas antes mesmo do in\u00edcio da sua Vig\u00eancia.\u00a0<\/span><\/p>\n<p><strong><a href=\"https:\/\/infocraftweb.com.br\/site\/politica-de-privacidade\/\">Conhe\u00e7a nossa Pol\u00edtica de privacidade.<\/a><\/strong><\/p>\n<p><strong><a href=\"https:\/\/infocraftweb.com.br\/site\/aviso-de-privacidade\/\">Conhe\u00e7a nosso Aviso de privacidade.<\/a><\/strong><\/p>\n","protected":false},"excerpt":{"rendered":"<p>A INFOCRAFT segue um modelo de gest\u00e3o pautado na busca pela excel\u00eancia na presta\u00e7\u00e3o de seus Servi\u00e7os de Tecnologia da Informa\u00e7\u00e3o e Comunica\u00e7\u00e3o (TIC), n\u00e3o \u00e9 por acaso que em 2012 tornou-se finalistas no certame nacional das MPE, ficando entre as empresas finalistas da Bahia neste concurso de estrutura organizacional empresarial.\u00a0 O Programa de Compliance [&hellip;]<\/p>\n","protected":false},"author":1,"featured_media":481,"parent":0,"menu_order":0,"comment_status":"closed","ping_status":"closed","template":"","meta":{"_acf_changed":false,"footnotes":""},"acf":[],"_links":{"self":[{"href":"https:\/\/infocraftweb.com.br\/site\/wp-json\/wp\/v2\/pages\/466"}],"collection":[{"href":"https:\/\/infocraftweb.com.br\/site\/wp-json\/wp\/v2\/pages"}],"about":[{"href":"https:\/\/infocraftweb.com.br\/site\/wp-json\/wp\/v2\/types\/page"}],"author":[{"embeddable":true,"href":"https:\/\/infocraftweb.com.br\/site\/wp-json\/wp\/v2\/users\/1"}],"replies":[{"embeddable":true,"href":"https:\/\/infocraftweb.com.br\/site\/wp-json\/wp\/v2\/comments?post=466"}],"version-history":[{"count":16,"href":"https:\/\/infocraftweb.com.br\/site\/wp-json\/wp\/v2\/pages\/466\/revisions"}],"predecessor-version":[{"id":808,"href":"https:\/\/infocraftweb.com.br\/site\/wp-json\/wp\/v2\/pages\/466\/revisions\/808"}],"wp:featuredmedia":[{"embeddable":true,"href":"https:\/\/infocraftweb.com.br\/site\/wp-json\/wp\/v2\/media\/481"}],"wp:attachment":[{"href":"https:\/\/infocraftweb.com.br\/site\/wp-json\/wp\/v2\/media?parent=466"}],"curies":[{"name":"wp","href":"https:\/\/api.w.org\/{rel}","templated":true}]}}